est common factor of 1696 and 75896.
424
What is the greatest common factor of 83350 and 20?
10
What is the greatest common divisor of 1022 and 55042?
146
What is the highest common factor of 19 and 1559387?
19
What is the greatest common factor of 31 and 27196269?
31
What is the greatest common factor of 357 and 8484?
21
Calculate the highest common divisor of 31 and 494326.
31
Calculate the greatest common factor of 119279 and 905.
181
Calculate the greatest common factor of 94306 and 610.
122
Calculate the highest common factor of 20785 and 10.
5
Calculate the highest common divisor of 129018 and 6.
6
What is the greatest common divisor of 6094 and 2046?
22
Calculate the greatest common factor of 132 and 2364.
12
Calculate the greatest common factor of 44 and 931601.
11
Calculate the highest common factor of 7403 and 11.
11
Calculate the greatest common factor of 180513 and 63.
9
Calculate the greatest common factor of 326 and 5707934.
326
What is the highest common factor of 448573 and 11085?
739
Calculate the highest common factor of 288 and 14598.
18
Calculate the greatest common divisor of 4648 and 205093.
581
What is the highest common factor of 12 and 744476?
4
What is the highest common divisor of 10 and 1546070?
10
What is the highest common factor of 199 and 883958?
199
What is the greatest common divisor of 645 and 129?
129
Calculate the greatest common factor of 11599 and 3314.
1657
What is the highest common divisor of 2 and 44323?
1
Calculate the highest common divisor of 36708 and 51756.
228
Calculate the highest common factor of 812 and 3712.
116
Calculate the highest common factor of 25 and 157490.
5
Calculate the highest common factor of 407 and 116908.
11
What is the greatest common factor of 228 and 11685?
57
Calculate the highest common factor of 114 and 8298.
6
Calculate the greatest common factor of 24 and 53996.
4
Calculate the highest common divisor of 289 and 84830.
17
What is the greatest common divisor of 5191 and 203?
29
Calculate the greatest common factor of 2632225 and 998.
499
What is the highest common factor of 19 and 426493?
19
Calculate the highest common divisor of 105301 and 98.
49
Calculate the greatest common factor of 11815 and 43010.
85
What is the highest common divisor of 1305 and 252010?
145
Calculate the greatest common divisor of 126 and 500220.
126
Calculate the greatest common factor of 1050507 and 9.
9
What is the highest common factor of 4025 and 989?
23
Calculate the highest common divisor of 77 and 963655.
77
What is the greatest common factor of 1376 and 592?
16
What is the highest common divisor of 96228 and 19998?
198
What is the highest common divisor of 1235 and 10335?
65
What is the highest common divisor of 200214 and 196?
98
Calculate the greatest common divisor of 7568 and 379088.
688
What is the highest common divisor of 20 and 407985?
5
Calculate the highest common divisor of 115915 and 478.
239
Calculate the highest common divisor of 5346 and 2750.
22
What is the greatest common divisor of 230871 and 615?
123
Calculate the highest common divisor of 724142 and 820.
82
What is the greatest common divisor of 390 and 29328?
78
Calculate the greatest common divisor of 8 and 2315992.
8
What is the greatest common divisor of 75 and 38400?
75
What is the highest common factor of 109655 and 13?
13
Calculate the greatest common divisor of 236 and 68.
4
Calculate the highest common divisor of 16455 and 1260.
15
What is the greatest common divisor of 90 and 522?
18
Calculate the greatest common divisor of 378849 and 23733.
879
Calculate the highest common divisor of 32 and 10190.
2
What is the greatest common divisor of 144813 and 15?
3
Calculate the greatest common factor of 13702 and 341.
31
What is the greatest common factor of 17138 and 76494?
418
What is the highest common divisor of 2327 and 21151?
13
Calculate the greatest common divisor of 441343 and 49.
49
What is the highest common divisor of 42244 and 10148?
236
Calculate the highest common factor of 130 and 5200.
130
Calculate the highest common divisor of 147 and 3141.
3
Calculate the greatest common divisor of 205 and 87166.
41
Calculate the greatest common divisor of 29 and 88247.
29
Calculate the greatest common factor of 1060819 and 5105.
1021
What is the highest common divisor of 3262090 and 1380?
230
What is the highest common factor of 372959 and 79?
79
What is the greatest common divisor of 499441 and 31?
31
Calculate the greatest common divisor of 24 and 93696.
24
Calculate the highest common divisor of 126 and 78071.
7
What is the greatest common factor of 5308 and 388?
4
What is the greatest common divisor of 7 and 17213?
7
Calculate the highest common divisor of 38779 and 14601.
157
Calculate the greatest common divisor of 260585 and 650.
65
Calculate the greatest common factor of 21280 and 387520.
1120
What is the highest common divisor of 130 and 164255?
65
Calculate the highest common divisor of 2688 and 415632.
336
Calculate the greatest common divisor of 567 and 8127.
189
Calculate the highest common divisor of 2278 and 19788.
34
What is the highest common divisor of 42 and 5438552?
14
What is the greatest common factor of 97380 and 180?
180
What is the greatest common factor of 41560 and 1120?
40
What is the highest common divisor of 176 and 189552?
176
What is the greatest common factor of 8213 and 8471?
43
Calculate the highest common factor of 3 and 3801.
3
Calculate the greatest common factor of 32466 and 273.
21
Calculate the highest common divisor of 40411 and 1771.
161
What is the greatest common factor of 43423 and 9287?
251
Calculate the highest common divisor of 2679 and 168072.
141
Calculate the highest common divisor of 89388 and 364.
52
What is the highest common factor of 59 and 3074077?
59
What is the highest common factor of 717 and 12428?
239
Calculate the highest common factor of 2378781 and 19.
19
Calculate the highest common divisor of 18270 and 19430.
290
What is the greatest common factor of 26897 and 1495?
13
Calculate the highest common divisor of 825018 and 798.
114
Calculate the greatest common factor of 1836 and 5292.
108
Calculate the highest common factor of 10184 and 23852.
268
What is the greatest common factor of 2366 and 10478?
338
Calculate the highest common factor of 240 and 17840.
80
What is the greatest common factor of 8 and 16436?
4
What is the greatest common factor of 8286 and 378?
6
Calculate the greatest common divisor of 750303 and 2826.
1413
Calculate the highest common factor of 87 and 153.
3
What is the highest common factor of 130 and 244322?
26
Calculate the greatest common divisor of 6169252 and 2364.
788
Calculate the highest common factor of 271168 and 608.
608
Calculate the highest common factor of 119472 and 95.
19
Calculate the highest common divisor of 2375 and 3040.
95
Calculate the greatest common divisor of 197455 and 202.
101
What is the greatest common factor of 48 and 1522032?
48
Calculate the greatest common factor of 812471 and 1864.
233
What is the greatest common divisor of 2066442 and 42?
42
Calculate the greatest common factor of 35865 and 135.
45
Calculate the greatest common divisor of 455 and 10287550.
455
Calculate the greatest common divisor of 44955 and 5920.
185
Calculate the highest common divisor of 255578 and 136.
34
What is the greatest common divisor of 52 and 78796?
4
What is the greatest common factor of 13414 and 918506?
706
Calculate the highest common divisor of 63 and 81648.
63
Calculate the highest common factor of 6522498 and 2322.
2322
Calculate the highest common divisor of 372 and 649636.
124
Calculate the highest common factor of 4172 and 1778.
14
Calculate the greatest common divisor of 108132 and 324.
12
What is the greatest common divisor of 2500 and 875?
125
What is the greatest common divisor of 6 and 64359?
3
What is the greatest common factor of 59237 and 37?
37
Calculate the greatest common factor of 39271 and 454.
227
Calculate the highest common divisor of 1824 and 3572.
76
What is the highest common factor of 1188485 and 502?
251
Calculate the greatest common factor of 297 and 22077.
99
What is the highest common divisor of 337431 and 273393?
2463
Calculate the greatest common factor of 28 and 266588.